1053?
37, 487, 28687
List the prime factors of 76895088.
2, 3, 281, 5701
List the prime factors of 157013598.
2, 3, 7, 17, 29, 7583
What are the prime factors of 120534578?
2, 2851, 21139
List the prime factors of 417776642.
2, 208888321
What are the prime factors of 779890?
2, 5, 167, 467
List the prime factors of 3092241798.
2, 3, 5851, 9787
List the prime factors of 4137147549.
3, 131, 1169677
What are the prime factors of 286877084?
2, 13, 1931, 2857
What are the prime factors of 5687166679?
5687166679
List the prime factors of 2396531573.
683, 3508831
List the prime factors of 1057449130.
2, 5, 17, 6220289
What are the prime factors of 454794390?
2, 3, 5, 5053271
List the prime factors of 51119305.
5, 10223861
What are the prime factors of 168422948?
2, 42105737
List the prime factors of 8114437.
67, 281, 431
What are the prime factors of 147667112?
2, 18458389
List the prime factors of 4008328324.
2, 7, 11, 13, 1001081
List the prime factors of 92511452.
2, 11, 2102533
What are the prime factors of 1126829400?
2, 3, 5, 1878049
List the prime factors of 111394286.
2, 2269, 24547
List the prime factors of 381018695.
5, 563, 135353
List the prime factors of 2093114063.
29, 347, 208001
What are the prime factors of 889664704?
2, 37, 375703
What are the prime factors of 810980996?
2, 7, 937, 30911
List the prime factors of 2085132701.
2085132701
What are the prime factors of 28683378?
2, 3, 29, 54949
What are the prime factors of 576025514?
2, 47, 6127931
What are the prime factors of 27769732?
2, 6942433
List the prime factors of 1525701095.
5, 73, 673, 6211
List the prime factors of 2375861966.
2, 1283, 925901
List the prime factors of 356642941.
31, 569, 20219
List the prime factors of 90863977.
359, 253103
What are the prime factors of 158001995?
5, 17, 43, 139, 311
What are the prime factors of 195311068?
2, 79, 751, 823
What are the prime factors of 461383466?
2, 230691733
List the prime factors of 39570490.
2, 5, 3957049
List the prime factors of 1862942788.
2, 7, 66533671
List the prime factors of 3767129500.
2, 5, 7534259
What are the prime factors of 422581376?
2, 7, 17, 27743
List the prime factors of 1987595482.
2, 5849, 169909
What are the prime factors of 75906967?
75906967
List the prime factors of 25900486.
2, 17, 761779
List the prime factors of 137338125.
3, 5, 89, 823
List the prime factors of 1229518081.
11, 17, 6574963
List the prime factors of 29509634.
2, 7, 11, 191621
What are the prime factors of 3821039880?
2, 3, 5, 7, 4548857
What are the prime factors of 941357217?
3, 107, 2932577
What are the prime factors of 951573452?
2, 113, 2105251
List the prime factors of 1592237241.
3, 7, 599, 42193
List the prime factors of 164358421.
164358421
What are the prime factors of 114879772?
2, 7, 811, 5059
List the prime factors of 5339156589.
3, 13, 23, 1984079
List the prime factors of 6192913.
17, 364289
What are the prime factors of 92612420?
2, 5, 491, 9431
What are the prime factors of 117060388?
2, 29265097
List the prime factors of 2557495981.
37, 1868149
What are the prime factors of 1767776252?
2, 11, 40176733
What are the prime factors of 309124492?
2, 37, 2088679
List the prime factors of 204636130.
2, 5, 1013, 20201
What are the prime factors of 31335886?
2, 1301, 12043
List the prime factors of 2591059648.
2, 269, 150503
What are the prime factors of 507005797?
181, 2801137
List the prime factors of 358040297.
31, 107, 107941
What are the prime factors of 1817722313?
11, 107, 467, 3307
List the prime factors of 118269082.
2, 23, 2571067
What are the prime factors of 40954952?
2, 89, 97, 593
What are the prime factors of 42359560?
2, 5, 23, 41, 1123
What are the prime factors of 34991151?
3, 13, 17, 89, 593
List the prime factors of 337670550.
2, 3, 5, 7, 107197
What are the prime factors of 109338330?
2, 3, 5, 37, 137, 719
List the prime factors of 33916220.
2, 5, 13, 130447
List the prime factors of 596627684.
2, 5741, 25981
List the prime factors of 782027933.
782027933
List the prime factors of 4642475682.
2, 3, 13, 59518919
What are the prime factors of 44504622?
2, 3, 367, 6737
List the prime factors of 473684518.
2, 47, 5039197
List the prime factors of 290079826.
2, 173, 577, 1453
List the prime factors of 4216886565.
3, 5, 281125771
What are the prime factors of 1327741110?
2, 3, 5, 14752679
List the prime factors of 253941147.
3, 149, 409, 463
What are the prime factors of 33358492?
2, 8339623
What are the prime factors of 46070973?
3, 13, 103, 3823
List the prime factors of 3570597162.
2, 3, 11, 37, 487387
What are the prime factors of 89491655?
5, 11, 17, 95713
What are the prime factors of 2476774820?
2, 5, 13, 37, 79, 3259
What are the prime factors of 213603166?
2, 7, 15257369
What are the prime factors of 233023741?
23, 113, 89659
List the prime factors of 15925338.
2, 3, 11, 13, 23, 269
What are the prime factors of 1262044301?
7, 29, 6216967
What are the prime factors of 269155073?
11, 3793, 6451
List the prime factors of 293773312.
2, 7, 47, 109
List the prime factors of 1556018494.
2, 23, 33826489
List the prime factors of 206694316.
2, 967, 53437
What are the prime factors of 107260190?
2, 5, 10726019
What are the prime factors of 6254783173?
311, 20111843
List the prime factors of 206635433.
206635433
What are the prime factors of 108520721?
811, 133811
List the prime factors of 165497405.
5, 593, 55817
What are the prime factors of 189017546?
2, 94508773
What are the prime factors of 248039597?
13, 19079969
List the prime factors of 1319665530.
2, 3, 5, 47, 73, 12821
What are the prime factors of 1623713034?
2, 3, 127, 2130857
What are the prime factors of 11729669?
7, 19, 43, 293
List the prime factors of 3949977076.
2, 43, 59, 103, 3779
What are the prime factors of 347525212?
2, 29, 1097, 2731
What are the prime factors of 41058189?
3, 4562021
List the prime factors of 272964768.
2, 3, 239, 11897
What are the prime factors of 34983136?
2, 1093223
List the prime factors of 120882810.
2, 3, 5, 1451, 2777
List the prime factors of 45197620.
2, 5, 13, 131, 1327
What are the prime factors of 375113?
375113
What are the prime factors of 2710870477?
7, 387267211
What are the prime factors of 1029618330?
2, 3, 5, 13, 193, 13679
List the prime factors of 40168644.
2, 3, 47, 67, 1063
What are the prime factors of 4576977551?
53, 86358067
List the prime factors of 157900299.
3, 52633433
What are the prime factors of 59690858?
2, 5087, 5867
What are the prime factors of 126989117?
126989117
What are the prime factors of 22487162?
2, 61, 184321
What are the prime factors of 928500932?
2, 232125233
What are the prime factors of 1502167240?
2, 5, 7, 5364883
What are the prime factors of 654940784?
2, 40933799
List the prime factors of 56937427.
56937427
List the prime factors of 94375110.
2, 3, 5, 43, 149, 491
List the prime factors of 599571176.
2, 23, 3258539
List the prime factors of 316069075.
5, 7, 1291, 1399
List the prime factors of 365663683.
7, 11, 19, 23, 10867
List the prime factors of 1243732494.
2, 3, 13147, 15767
What are the prime factors of 99724450?
2, 5, 7, 284927
List the prime factors of 243691935.
3, 5, 2963, 5483
What are the prime factors of 46263322?
2, 7, 47, 70309
What are the prime factors of 10609180?
2, 5, 571, 929
List the prime factors of 47438573.
7, 13, 19, 27437
What are the prime factors of 3126154128?
2, 3, 65128211
List the prime factors of 28654808.
2, 7, 13, 5623
What are the prime factors of 45986480?
2, 5, 113, 5087
List the prime factors of 3228951313.
7, 43, 10727413
List the prime factors of 52739741.
257, 205213
What are the prime factors of 360100891?
360100891
What are the prime factors of 95325811?
7, 2903, 4691
What are the prime factors of 5789543?
241, 24023
List the prime factors of 1001928851.
7, 11, 113, 115151
What are the prime factors of 508170351?
3, 13, 181, 193, 373
List the prime factors of 1456847274.
2, 3, 157, 1546547
List the prime factors of 1541247438.
2, 3, 17, 199, 75931
List the prime factors of 1944746791.
13, 73, 613, 3343
List the prime factors of 18382651.
7, 163, 16111
What are the prime factors of 116774447?
116774447
What are the prime factors of 37314024?
2, 3, 11, 19, 43, 173
What are the prime factors of 2878515115?
5, 7,